igit of b?
0
Suppose -1 = 4*q + 5*h + 2, 2*h + 6 = 0. Let s be (-4 + q + 0)*(2 + -2). Suppose s = -2*f - o + 47, 3*f + 0*o = 4*o + 65. What is the tens digit of f?
2
Suppose 10 = 2*p + 3*p. Suppose 0 = 2*w - 4, 0 = -3*c - w + 934 - 17. Suppose p*v + 21 = c. What is the units digit of v?
2
Suppose 0 = -3*t + 4*l + 464, 18*t - 19*t + 180 = 5*l. Let h = 6 - 3. Suppose -3*i + 3*w - 2*w = -t, 2*w = -h*i + 175. What is the units digit of i?
5
Let g(v) = 23*v**2 - 39*v - 492. What is the ten thousands digit of g(34)?
2
Let y = -382 - -365. What is the units digit of 3 + -2 + y + 69?
3
Suppose 8*s = 6*s + 52. Let z = s - -212. What is the units digit of z?
8
Let w(y) be the first derivative of -y**3/3 + 19*y**2/2 + 15*y - 445. Suppose 0 = -3*v + 2*v + 15. What is the tens digit of w(v)?
7
Suppose 2*m = 4*q - 76, 7*q = -m + 3*q - 56. Let c = -27 - m. Suppose 0 = 4*w + 2*r + c - 71, 24 = w + 4*r. What is the tens digit of w?
1
Let g = 3391 - 3379. Let a(l) = -l**2. Let d be a(2). What is the units digit of 5/(20/g) - d?
7
Let l be (1/3)/(14/2226). Suppose 35*w = l*w - 18000. What is the hundreds digit of w?
0
Let y = 19453 - 7786. What is the tens digit of y?
6
Let n(g) = -g**3 + 2*g**2 - 2*g + 2860. Suppose 7 = z - 5*b + 22, -3*b = -4*z - 9. Let l be n(z). Suppose 11*h - h - l = 0. What is the hundreds digit of h?
2
Let f = 1004 + -194. What is the hundreds digit of f?
8
Let m = 7436 + -5174. What is the thousands digit of m?
2
Let n(t) = -9376*t - 5604. What is the ten thousands digit of n(-7)?
6
Suppose -12*p = -15*p + 6. Let u(i) = 18*i + 17*i - 49*i + p*i**2 + 16*i - i**3 - 12. What is the tens digit of u(-5)?
5
Suppose 5*u + 4 = 19. Let r be (-27)/18*(-4)/(-6). What is the units digit of r*6/u - -81?
9
Suppose 0 = -3*w - 1385 + 269. Let h be (w/(-9))/((-14)/(-21)). Suppose -5*p - 5*t + 320 = 0, 2*p - t - h = 63. What is the tens digit of p?
6
Let q(a) = -a**3 + 24*a**2 + 5*a + 9. Let x be q(23). What is the hundreds digit of (-18)/(-15)*x - 6/10?
7
Let w be (-2 + 4 + 3)*3/3. Let j = -1 + w. Suppose 1 = -j*v + 97. What is the units digit of v?
4
Let p(t) = 11*t - 9. Let c be p(5). Let n = 44 - c. What is the tens digit of 2*n/(-14) - 2568/(-28)?
9
Suppose -8*q + 4*v - 10 = -6*q, -v = 4*q - 16. What is the units digit of 3 - ((-5 - q) + 2)*94?
7
Suppose -2*v + 65249 = 12*a - 9*a, 0 = 2*v - 5*a - 65257. What is the tens digit of v?
2
What is the hundreds digit of (4 - (-68)/(-12)) + (-12846820)/(-294)?
6
Let n(b) = -7*b**2 + 11. Let m(a) = -a. Let c(l) = -5*m(l) - n(l). Suppose -6*v - 25 = -4*v + 5*y, 0 = 5*v + 5*y + 40. What is the units digit of c(v)?
9
Suppose -10*v + 6*v = 0. Suppose 5*l = -v*l - 0*l. Suppose 0*a - 3*a + y + 258 = 0, l = 2*a + 2*y - 172. What is the tens digit of a?
8
Let s(i) = 1 - 91*i**3 - 53*i**3 - i**2 - 64*i**3. Let h be (0 + 1)/((-7)/(-28)*-4). What is the hundreds digit of s(h)?
2
Let k = 146 - 167. What is the hundreds digit of 5126/33 + k/9 + 2?
1
Suppose 2*t + 2*f - 77602 = 0, 0 = -t - 24*f + 29*f + 38807. What is the units digit of t?
2
Let k(i) = 2 + 0 + 5*i**2 + 3*i**2 + i**3 + 12*i. Let h be k(-6). Suppose b + 4 = 0, g + h*b + b - 120 = 0. What is the hundreds digit of g?
1
Let h(q) = 13*q**3 - 4*q**2 + 9*q - 18. Let g(z) = 11*z**3 - 5*z**2 + 8*z - 17. Let k(n) = 5*g(n) - 4*h(n). What is the hundreds digit of k(6)?
3
Let a(s) = 7*s**3 + 3*s**2 - s - 2. Let j be a(-2). Let x = j - -50. Suppose f = x + 5. What is the tens digit of f?
1
What is the units digit of (70/(-12))/(-29 - (-5154035)/177726)?
5
Suppose -130 = -5*c + 5*j, -c = -4*c + 4*j + 80. Let p be (-1)/(-3) - 1 - (-8)/3. Suppose 0 = 2*l + p*l, 4*r + 5*l - c = 0. What is the units digit of r?
6
Let m = 82661 + -44028. What is the tens digit of m?
3
Let y = 1133 - 80. What is the units digit of y?
3
Let u be 6/15 + 18/5. Suppose 268 + 37 = 3*x + u*d, -2*x + 204 = 3*d. Suppose 2*j = 5*c - 464, 3*c - 171 - x = 4*j. What is the tens digit of c?
9
Suppose 68*v - 69*v + 2*k = -6045, -v = 5*k - 6038. What is the hundreds digit of v?
0
Let x(y) = -y**2 - 10*y - 3. Let j be x(-9). Let q(b) = -17*b - j + 4 + 5 - 5. What is the units digit of q(-3)?
9
Let t(w) = -27*w**2 - 13*w - 9 - 1 - 15*w**2 + 179*w**2 + 5*w. What is the units digit of t(-3)?
7
Let k be 4/((-48)/1239)*(-1 - 7). Suppose 0*l + 2*l = 5*b + k, -3*l - b = -1205. What is the tens digit of l?
0
Let q = 1480 + -1000. Let z = q - 20. Suppose 7*s - 541 = z. What is the units digit of s?
3
Suppose -111*x + 441874 = -618731. What is the hundreds digit of x?
5
Let u = -71067 - -105194. What is the hundreds digit of u?
1
Suppose c - 3*m = -2*m - 4, -m = c - 4. Suppose c = 3*w - 16*w + 689. Suppose -4*u = -59 - w. What is the units digit of u?
8
Suppose 6*l - 8*l = 0. Suppose l*b - 6*b + 84 = 0. Let k(v) = 2*v**2 - 16*v - 20. What is the hundreds digit of k(b)?
1
What is the thousands digit of (-865332)/(-84) - (30/(-20))/(14/4)?
0
Let v = 1684 - 1068. Suppose p = -s + v, 1711 = 2*s - 2*p + 459. What is the units digit of s?
1
Suppose 0*z + 2823 = z - 5*l, -3*l - 8493 = -3*z. Suppose 14*r - 2823 = z. What is the hundreds digit of r?
4
Let y = 128 + -126. Suppose -3*m = -2*m + y*i + 56, -5*i = -m - 70. Let c = m - -106. What is the units digit of c?
6
Suppose -945 = -99*f + 92*f. What is the units digit of f - -2 - (-3 + (1 - 3))?
2
Let a(m) = -23*m**3 + 9*m**2 - 18*m - 41. What is the thousands digit of a(-8)?
2
Let i = -2891 + 10163. What is the hundreds digit of i?
2
Suppose -5*c + 2*v - 2659 - 8 = 0, -547 = c + 3*v. Let b = c + 1653. What is the tens digit of b?
1
Let z(q) = 3*q**2 + 6*q - 49. Let p be z(-9). Suppose 0 = 2*g - 114 - p. What is the units digit of g?
7
What is the tens digit of 14/(-21) + 1/(15/30145)?
0
Let o(m) be the first derivative of 7*m**4/12 + m**3 + 11*m**2/2 - 49. Let q(b) be the second derivative of o(b). What is the units digit of q(16)?
0
Let a(p) = 21*p**2 - 36*p - 478. What is the units digit of a(-19)?
7
Suppose 0 = -13*k + 44220 + 372313. What is the ten thousands digit of k?
3
Let k(r) = -149 + 96 - 41*r - 127. What is the units digit of k(-18)?
8
Suppose -68*k + 34*k - 195 = -37*k. Let m be (2/4)/((-1)/52). Let p = m + k. What is the units digit of p?
9
Suppose -103 - 2157 = -10*d. What is the units digit of d - -3*3/(9/(-5))?
1
Suppose -3*j + d + 377 = -162, -2*d = -j + 173. Let r = j + -51. What is the tens digit of r?
3
Let b(j) = 11*j + 204. Let u be b(-18). What is the thousands digit of 16/60*u*985?
1
Suppose -17*h + 43313 + 24285 + 85657 = 0. What is the thousands digit of h?
9
Suppose 0 = -4*h - 4*c + 100456, 23*c - 40 = 28*c. What is the units digit of h?
2
Suppose p - 153*h - 2202 = -156*h, -4404 = -2*p + 5*h. What is the units digit of p?
2
Let l(u) = 41*u**2 + 27*u - 186. What is the tens digit of l(6)?
5
Let s be (-150)/12*(8/(-10) - 0). What is the tens digit of (-8)/(-16) + 3605/s?
6
Let u(o) = 27*o**2 + 928*o + 416. What is the ten thousands digit of u(-72)?
7
Let v(p) = -8*p + 160. Let t be v(11). What is the units digit of (2/8)/(t/140256)?
7
Let n(a) = -a**3 - 7*a**2 + 20*a + 133. Let b be n(-7). What is the units digit of 0 + b - -14 - -255?
2
Suppose 0 = 8*h + 12*h - 31*h + 86394. What is the units digit of h?
4
Let r(i) = 3*i**3 - i**2 + 23*i + 11. Let b be r(13). Suppose 50*x = 32*x + b. What is the tens digit of x?
7
Suppose -135003 = -3*v + 4924*x - 4927*x, 2*v - 4*x = 90032. What is the ten thousands digit of v?
4
Suppose -2*v + 646 = 9*t - 13*t, -3*t - 981 = -3*v. Let f = v - 116. What is the hundreds digit of f?
2
Let u be (5 + -1)/4 + -54 + -1. What is the hundreds digit of (-12)/u - 7224/(-54)?
1
Let r(w) be the second derivative of -17*w**3/3 + 2*w**2 - 3*w + 11. What is the units digit of r(-5)?
4
Suppose -10645 - 40061 = -21*p + 71619. What is the hundreds digit of p?
8
Suppose 2*x - 38550 = -3*l, -55*l + 53*l + 19272 = x. What is the units digit of x?
4
Suppose 5*y - 266 = -41. Suppose 11*n = 6*n - y. What is the units digit of (-9 + 3)/(n/33)?
2
Suppose 30*z - 3*z = 11*z + 143376. What is the tens digit of z?
6
Let i(s) = 4*s**3 - 211*s**2 + 6*s + 60. What is the thousands digit of i(53)?
3
Suppose 4*s - 34 = -26, 0 = m + s - 18612. What is the units digit of m?
0
Suppose 0*z - 8892 = -36*z. What is the tens digit of (-2)/((-3)/z*(-1)/(